{"id":9,"date":"2015-05-26T16:22:38","date_gmt":"2015-05-26T14:22:38","guid":{"rendered":"http:\/\/www.drdenck.de\/drdenck\/?page_id=9"},"modified":"2026-04-21T07:55:05","modified_gmt":"2026-04-21T05:55:05","slug":"aktuell","status":"publish","type":"page","link":"https:\/\/www.drdenck.de\/drdenck\/","title":{"rendered":"Aktuell"},"content":{"rendered":"\n<div class=\"wp-block-buttons is-content-justification-center is-layout-flex wp-container-core-buttons-is-layout-16018d1d wp-block-buttons-is-layout-flex\">\n<div class=\"wp-block-button is-style-outline is-style-outline--1\"><a class=\"wp-block-button__link has-white-color has-vivid-cyan-blue-background-color has-text-color has-background has-link-color has-text-align-center has-custom-font-size wp-element-button\" href=\"https:\/\/webtermin.medatixx.de\/#\/a3536b70-9521-4efe-9ece-41d412853578\" style=\"font-size:30px\" target=\"_blank\" rel=\" noreferrer noopener nofollow\">Jetzt Termin online buchen!<\/a><\/div>\n<\/div>\n\n\n\n<div class=\"wp-block-buttons is-layout-flex wp-block-buttons-is-layout-flex\">\n<div class=\"wp-block-button\"><a class=\"wp-block-button__link wp-element-button\"><strong>F\u00fcr Termine und Angelegenheiten zum Thema Mammographie- Screening melden Sie sich bitte unter 03931-251689<\/strong><\/a><\/div>\n<\/div>\n\n\n<h1>\u00a0<\/h1>\n<h1>Die Praxis ist am 24.04.2026 geschlossen.<\/h1>\n<p>Die Vertretung \u00fcbernimmt in dringenden F\u00e4llen:<\/p>\n<p>Frau J. Kouaya- Teguia, Dr.-Kurt-Schumacher-Stra\u00dfe 23 in Stendal, Tel. 03931-5448336<\/p>\n<p>\u00a0<\/p>\n<p>\u00a0<\/p>\n<p>\u00a0<\/p>\n<h1 style=\"text-align: center;\"><strong>Herzlich Willkommen\u00a0<\/strong><strong> \u00a0 \u00a0 <br \/><\/strong><\/h1>\n<h2 style=\"text-align: center;\"><a href=\"https:\/\/www.drdenck.de\/drdenck\/wp-content\/uploads\/2025\/05\/Foto-alle.jpg\"><img loading=\"lazy\" decoding=\"async\" class=\"alignnone  wp-image-560\" src=\"https:\/\/www.drdenck.de\/drdenck\/wp-content\/uploads\/2025\/05\/Foto-alle-252x300.jpg\" alt=\"\" width=\"224\" height=\"267\" srcset=\"https:\/\/www.drdenck.de\/drdenck\/wp-content\/uploads\/2025\/05\/Foto-alle-252x300.jpg 252w, https:\/\/www.drdenck.de\/drdenck\/wp-content\/uploads\/2025\/05\/Foto-alle.jpg 538w\" sizes=\"auto, (max-width: 224px) 100vw, 224px\" \/><\/a> \u00a0\u00a0\u00a0\u00a0\u00a0\u00a0\u00a0<\/h2>\n<h2>\u00a0<\/h2>\n<h2>\u00a0 \u00a0 \u00a0 \u00a0 \u00a0\u00a0\u00a0 \u00a0 \u00a0\u00a0 <strong><br \/><\/strong><\/h2>\n\n\n\n\n\n\n\n\n\n\n\n\n\n\n\n","protected":false},"excerpt":{"rendered":"<p>\u00a0 Die Praxis ist am 24.04.2026 geschlossen. Die Vertretung \u00fcbernimmt in dringenden F\u00e4llen: Frau J. Kouaya- Teguia, Dr.-Kurt-Schumacher-Stra\u00dfe 23 in Stendal, Tel. 03931-5448336 \u00a0 \u00a0 \u00a0 Herzlich Willkommen\u00a0 \u00a0 \u00a0 \u00a0\u00a0\u00a0\u00a0\u00a0\u00a0\u00a0 \u00a0 \u00a0 \u00a0 \u00a0 \u00a0 \u00a0\u00a0\u00a0 \u00a0 \u00a0\u00a0<\/p>\n","protected":false},"author":1,"featured_media":4,"parent":0,"menu_order":10,"comment_status":"closed","ping_status":"closed","template":"","meta":{"footnotes":""},"class_list":["post-9","page","type-page","status-publish","has-post-thumbnail","hentry"],"_links":{"self":[{"href":"https:\/\/www.drdenck.de\/drdenck\/wp-json\/wp\/v2\/pages\/9","targetHints":{"allow":["GET"]}}],"collection":[{"href":"https:\/\/www.drdenck.de\/drdenck\/wp-json\/wp\/v2\/pages"}],"about":[{"href":"https:\/\/www.drdenck.de\/drdenck\/wp-json\/wp\/v2\/types\/page"}],"author":[{"embeddable":true,"href":"https:\/\/www.drdenck.de\/drdenck\/wp-json\/wp\/v2\/users\/1"}],"replies":[{"embeddable":true,"href":"https:\/\/www.drdenck.de\/drdenck\/wp-json\/wp\/v2\/comments?post=9"}],"version-history":[{"count":160,"href":"https:\/\/www.drdenck.de\/drdenck\/wp-json\/wp\/v2\/pages\/9\/revisions"}],"predecessor-version":[{"id":584,"href":"https:\/\/www.drdenck.de\/drdenck\/wp-json\/wp\/v2\/pages\/9\/revisions\/584"}],"wp:featuredmedia":[{"embeddable":true,"href":"https:\/\/www.drdenck.de\/drdenck\/wp-json\/wp\/v2\/media\/4"}],"wp:attachment":[{"href":"https:\/\/www.drdenck.de\/drdenck\/wp-json\/wp\/v2\/media?parent=9"}],"curies":[{"name":"wp","href":"https:\/\/api.w.org\/{rel}","templated":true}]}}